{"id":818,"date":"2016-09-22T14:55:34","date_gmt":"2016-09-22T14:55:34","guid":{"rendered":"http:\/\/primeaviator.com\/?page_id=818"},"modified":"2024-11-29T18:26:06","modified_gmt":"2024-11-29T18:26:06","slug":"voraussetzungen","status":"publish","type":"page","link":"https:\/\/primeaviator.com\/shopping\/voraussetzungen\/","title":{"rendered":"VORAUSSETZUNGEN"},"content":{"rendered":"<p>[et_pb_section fb_built=&#8220;1&#8243; fullwidth=&#8220;on&#8220; admin_label=&#8220;Sektion&#8220; _builder_version=&#8220;4.16&#8243; global_colors_info=&#8220;{}&#8220;][et_pb_fullwidth_header title=&#8220;Teilnahme Voraussetzungen&#8220; content_max_width=&#8220;none&#8220; admin_label=&#8220;Vollbreite Kopfzeile&#8220; _builder_version=&#8220;4.16&#8243; button_one_letter_spacing_hover=&#8220;0&#8243; button_two_letter_spacing_hover=&#8220;0&#8243; global_colors_info=&#8220;{}&#8220; button_one_text_size__hover_enabled=&#8220;off&#8220; button_two_text_size__hover_enabled=&#8220;off&#8220; button_one_text_color__hover_enabled=&#8220;off&#8220; button_two_text_color__hover_enabled=&#8220;off&#8220; button_one_border_width__hover_enabled=&#8220;off&#8220; button_two_border_width__hover_enabled=&#8220;off&#8220; button_one_border_color__hover_enabled=&#8220;off&#8220; button_two_border_color__hover_enabled=&#8220;off&#8220; button_one_border_radius__hover_enabled=&#8220;off&#8220; button_two_border_radius__hover_enabled=&#8220;off&#8220; button_one_letter_spacing__hover_enabled=&#8220;on&#8220; button_one_letter_spacing__hover=&#8220;0&#8243; button_two_letter_spacing__hover_enabled=&#8220;on&#8220; button_two_letter_spacing__hover=&#8220;0&#8243; button_one_bg_color__hover_enabled=&#8220;off&#8220; button_two_bg_color__hover_enabled=&#8220;off&#8220;] [\/et_pb_fullwidth_header][\/et_pb_section][et_pb_section fb_built=&#8220;1&#8243; admin_label=&#8220;section&#8220; _builder_version=&#8220;4.16&#8243; global_colors_info=&#8220;{}&#8220;][et_pb_row admin_label=&#8220;row&#8220; _builder_version=&#8220;4.16&#8243; background_size=&#8220;initial&#8220; background_position=&#8220;top_left&#8220; background_repeat=&#8220;repeat&#8220; global_colors_info=&#8220;{}&#8220;][et_pb_column type=&#8220;4_4&#8243; _builder_version=&#8220;4.16&#8243; custom_padding=&#8220;|||&#8220; global_colors_info=&#8220;{}&#8220; custom_padding__hover=&#8220;|||&#8220;][et_pb_text admin_label=&#8220;Text&#8220; _builder_version=&#8220;4.16&#8243; background_size=&#8220;initial&#8220; background_position=&#8220;top_left&#8220; background_repeat=&#8220;repeat&#8220; use_border_color=&#8220;off&#8220; border_color=&#8220;#ffffff&#8220; border_style=&#8220;solid&#8220; global_colors_info=&#8220;{}&#8220;]<\/p>\n<h1>Anerkennung<\/h1>\n<p>Durch den Erwerb\u00a0eines unserer Produkte\u00a0erkennt der Kunde\u00a0die nachfolgenden Benutzungsbedingungen und Mindestvoraussetzungen als verbindlich an.<br \/>\n[\/et_pb_text][et_pb_divider color=&#8220;#000000&#8243; divider_style=&#8220;inset&#8220; divider_position=&#8220;center&#8220; disabled_on=&#8220;on|on|off&#8220; admin_label=&#8220;Teiler&#8220; _builder_version=&#8220;4.16&#8243; height=&#8220;15px&#8220; hide_on_mobile=&#8220;on&#8220; global_colors_info=&#8220;{}&#8220;] [\/et_pb_divider][et_pb_text admin_label=&#8220;Text&#8220; _builder_version=&#8220;4.16&#8243; background_size=&#8220;initial&#8220; background_position=&#8220;top_left&#8220; background_repeat=&#8220;repeat&#8220; use_border_color=&#8220;off&#8220; border_color=&#8220;#ffffff&#8220; border_style=&#8220;solid&#8220; global_colors_info=&#8220;{}&#8220;]<\/p>\n<h1>Mindestalter<\/h1>\n<p>Kunden an Bord unserer Flugger\u00e4te m\u00fcssen mindestens 18 Jahre alt sein. Personen unter 18 Jahren ben\u00f6tigen eine schriftliche Einverst\u00e4ndniserkl\u00e4rung des oder der Erziehungsberechtigten und der Eltern. Kinder und Jugendliche unter 16 Jahren k\u00f6nnen leider nicht teilnehmen.<\/p>\n<p>[\/et_pb_text][et_pb_divider color=&#8220;#000000&#8243; divider_style=&#8220;inset&#8220; divider_position=&#8220;center&#8220; disabled_on=&#8220;on|on|off&#8220; admin_label=&#8220;Teiler&#8220; _builder_version=&#8220;4.16&#8243; height=&#8220;15px&#8220; hide_on_mobile=&#8220;on&#8220; global_colors_info=&#8220;{}&#8220;] [\/et_pb_divider][et_pb_text admin_label=&#8220;Text&#8220; _builder_version=&#8220;4.16&#8243; background_size=&#8220;initial&#8220; background_position=&#8220;top_left&#8220; background_repeat=&#8220;repeat&#8220; use_border_color=&#8220;off&#8220; border_color=&#8220;#ffffff&#8220; border_style=&#8220;solid&#8220; global_colors_info=&#8220;{}&#8220;]<\/p>\n<h1>Gesundheitszustand<\/h1>\n<p>Der Kunde sollte sich in einem guten Gesundheitszustand befinden. Bei vorhergegangen oder akuten Erkrankungen ist PRIME AVIATOR vor Kauf des Gutscheins zu konsultieren. Je nach Krankheitsbild kann bzw. muss von einem Flug abgeraten werden. Kunden mit speziellen k\u00f6rperlichen oder geistigen Anspr\u00fcchen m\u00fcssen diese im Vorfeld des Kaufes kommunizieren und kl\u00e4ren, ob ein Flug m\u00f6glich ist.Wenn im Vorfeld bekannte Krankheiten verschwiegen werden, \u00fcbernimmt PRIME AVIATOR keine Haftung f\u00fcr eventuelle Verletzungen oder sonstige k\u00f6rperliche oder geistige Sch\u00e4den. Sch\u00e4den die PRIME AVIATOR durch Verschweigen von Krankheiten entstehen werden dem Kunden in Rechnung gestellt.<\/p>\n<p>Kunden sollten sich bei der Beurteilung der eigenen k\u00f6rperlichen Verfassung nach den Vorgaben f\u00fcr das Medical Class II nach LBA vorgaben richten. Gerne gibt PRIME AVIATOR auf Anfrage ein Dokument f\u00fcr die haus\u00e4ltliche Beurteilung an unsere Kunden aus.<\/p>\n<p>H\u00f6rger\u00e4te k\u00f6nnen an Board unter den Headsets nicht getragen werden.<\/p>\n<p>&nbsp;<\/p>\n<p>[\/et_pb_text][et_pb_divider color=&#8220;#000000&#8243; divider_style=&#8220;inset&#8220; divider_position=&#8220;center&#8220; disabled_on=&#8220;on|on|off&#8220; admin_label=&#8220;Teiler&#8220; _builder_version=&#8220;4.16&#8243; height=&#8220;15px&#8220; hide_on_mobile=&#8220;on&#8220; global_colors_info=&#8220;{}&#8220;] [\/et_pb_divider][et_pb_text admin_label=&#8220;Text&#8220; _builder_version=&#8220;4.16&#8243; background_size=&#8220;initial&#8220; background_position=&#8220;top_left&#8220; background_repeat=&#8220;repeat&#8220; use_border_color=&#8220;off&#8220; border_color=&#8220;#ffffff&#8220; border_style=&#8220;solid&#8220; global_colors_info=&#8220;{}&#8220;]<\/p>\n<h1>Alkohol und Drogenkonsum<\/h1>\n<p>24h vor Beginn des jeweiligen Fluges, darf kein Alkohol konsumiert worden sein. Drogenkonsum im Vorfeld des Fluges (egal in welchem zeitlichen Abstand) f\u00fchrt zu einer Fluguntauglichkeit. PRIME AVIATOR weist ausdr\u00fccklich darauf hin, dass Kunden, die Drogen bzw. sonstige Rauschmittel konsumiert haben, vom Flugbetrieb g\u00e4nzlich ausgeschlossen sind.<\/p>\n<p>Bei Nichtbeachtung der o.g. Regelungen\u00a0\u00fcbernimmt PRIME AVIATOR keine Haftung f\u00fcr eventuelle Verletzungen oder sonstige k\u00f6rperliche oder geistige Sch\u00e4den. Sch\u00e4den, die PRIME AVIATOR durch Verschweigen entstehen, werden dem Kunden in Rechnung gestellt.<br \/>\n[\/et_pb_text][et_pb_divider color=&#8220;#000000&#8243; divider_style=&#8220;inset&#8220; divider_position=&#8220;center&#8220; disabled_on=&#8220;on|on|off&#8220; admin_label=&#8220;Teiler&#8220; _builder_version=&#8220;4.16&#8243; height=&#8220;15px&#8220; hide_on_mobile=&#8220;on&#8220; global_colors_info=&#8220;{}&#8220;] [\/et_pb_divider][et_pb_text admin_label=&#8220;Text&#8220; _builder_version=&#8220;4.16&#8243; background_size=&#8220;initial&#8220; background_position=&#8220;top_left&#8220; background_repeat=&#8220;repeat&#8220; use_border_color=&#8220;off&#8220; border_color=&#8220;#ffffff&#8220; border_style=&#8220;solid&#8220; global_colors_info=&#8220;{}&#8220;]<\/p>\n<h1>Leistungsnachweis<\/h1>\n<p>Der Kunde\u00a0ist verpflichtet, dem Personal auf Verlangen die Gutscheine oder Buchungsbelege (je nach Angebot)\u00a0vorzuzeigen. Wer nicht im Besitz eines g\u00fcltigen Gutscheins oder Buchungsbeleg an Bord eines Flugger\u00e4tes gelangt, ist verpflichtet, zum pauschalen Ausgleich aller hieraus flie\u00dfenden Anspr\u00fcche \u20ac 300,- zu zahlen. Auf die M\u00f6glichkeit einer strafrechtlichen Verfolgung wegen Erschleichen freien Eintritts nach \u00a7 265a StGB wird ausdr\u00fccklich hingewiesen.<\/p>\n<p>[\/et_pb_text][et_pb_divider color=&#8220;#000000&#8243; divider_style=&#8220;inset&#8220; divider_position=&#8220;center&#8220; disabled_on=&#8220;on|on|off&#8220; admin_label=&#8220;Teiler&#8220; _builder_version=&#8220;4.16&#8243; height=&#8220;15px&#8220; hide_on_mobile=&#8220;on&#8220; global_colors_info=&#8220;{}&#8220;] [\/et_pb_divider][et_pb_text admin_label=&#8220;Text&#8220; _builder_version=&#8220;4.16&#8243; background_size=&#8220;initial&#8220; background_position=&#8220;top_left&#8220; background_repeat=&#8220;repeat&#8220; use_border_color=&#8220;off&#8220; border_color=&#8220;#ffffff&#8220; border_style=&#8220;solid&#8220; global_colors_info=&#8220;{}&#8220;]<\/p>\n<h1>Bekleidung<\/h1>\n<p>An Bord unserer BS100 ist aus hygienischen und Sicherheitsgr\u00fcnden Kleidung zu tragen, die Beine und Arme vollst\u00e4ndig bedeckt. Schuhe mit Abs\u00e4tzen sind nicht gestattet. Das Schuhwerk muss geschlossen sein. Beispiele f\u00fcr einen Ausschluss von jedwedem Flug sind unter anderem: Sandeln, Shorts, High Heels, Tank-Tops, Kleider, Mini-R\u00f6cke etc..<\/p>\n<p>Uhren und gef\u00e4hrdender Schmuck sind abzulegen. Dieser Schmuck kann bei Begleitern des Kunden oder im Gep\u00e4ckfach f\u00fcr die Dauer des Fluges deponiert werden.<\/p>\n<p>Bei Nichtbeachtung der o.g. Regelungen kann die mit dem Flugger\u00e4t verbundene Leistung nicht abgerufen werden. Gutscheine und Tickets verlieren den damit verbundenen Anspruch auf Leistung. Sch\u00e4den, die PRIME AVIATOR durch vors\u00e4tzliches Tragen unzweckm\u00e4\u00dfiger Kleidung\u00a0entstehen, werden dem Kunden in Rechnung gestellt.<\/p>\n<p>[\/et_pb_text][et_pb_divider color=&#8220;#000000&#8243; divider_style=&#8220;inset&#8220; divider_position=&#8220;center&#8220; disabled_on=&#8220;on|on|off&#8220; admin_label=&#8220;Teiler&#8220; _builder_version=&#8220;4.16&#8243; height=&#8220;15px&#8220; hide_on_mobile=&#8220;on&#8220; global_colors_info=&#8220;{}&#8220;] [\/et_pb_divider][et_pb_text admin_label=&#8220;Text&#8220; _builder_version=&#8220;4.16&#8243; background_size=&#8220;initial&#8220; background_position=&#8220;top_left&#8220; background_repeat=&#8220;repeat&#8220; use_border_color=&#8220;off&#8220; border_color=&#8220;#ffffff&#8220; border_style=&#8220;solid&#8220; global_colors_info=&#8220;{}&#8220;]<\/p>\n<h1>Haftung f\u00fcr Wertsachen<\/h1>\n<p>F\u00fcr Verlust, Diebstahl usw. von Wertsachen, die nicht im Eigentum von PRIME AVIATOR sind, wird keine Haftung \u00fcbernommen.<br \/>\n[\/et_pb_text][et_pb_divider color=&#8220;#000000&#8243; divider_style=&#8220;inset&#8220; divider_position=&#8220;center&#8220; disabled_on=&#8220;on|on|off&#8220; admin_label=&#8220;Teiler&#8220; _builder_version=&#8220;4.16&#8243; height=&#8220;15px&#8220; hide_on_mobile=&#8220;on&#8220; global_colors_info=&#8220;{}&#8220;] [\/et_pb_divider][et_pb_text admin_label=&#8220;Text&#8220; _builder_version=&#8220;4.16&#8243; background_size=&#8220;initial&#8220; background_position=&#8220;top_left&#8220; background_repeat=&#8220;repeat&#8220; use_border_color=&#8220;off&#8220; border_color=&#8220;#ffffff&#8220; border_style=&#8220;solid&#8220; global_colors_info=&#8220;{}&#8220;]<\/p>\n<h1>Verhalten<\/h1>\n<p>Kunden, die\u00a0andere Kunden oder Personen im Umfeld des Veranstaltungsortes\u00a0bel\u00e4stigen, den Anordnungen des Personals\u00a0oder Gebotsschildern nicht Folge leisten oder in sonstiger Art und Weise st\u00f6ren, k\u00f6nnen\u00a0ohne jeden Anspruch auf R\u00fcckerstattung des Kaufpreises\u00a0der Einrichtung verwiesen werden.<br \/>\n[\/et_pb_text][et_pb_divider color=&#8220;#000000&#8243; divider_style=&#8220;inset&#8220; divider_position=&#8220;center&#8220; disabled_on=&#8220;on|on|off&#8220; admin_label=&#8220;Teiler&#8220; _builder_version=&#8220;4.16&#8243; height=&#8220;15px&#8220; hide_on_mobile=&#8220;on&#8220; global_colors_info=&#8220;{}&#8220;] [\/et_pb_divider][et_pb_text admin_label=&#8220;Text&#8220; _builder_version=&#8220;4.16&#8243; background_size=&#8220;initial&#8220; background_position=&#8220;top_left&#8220; background_repeat=&#8220;repeat&#8220; use_border_color=&#8220;off&#8220; border_color=&#8220;#ffffff&#8220; border_style=&#8220;solid&#8220; global_colors_info=&#8220;{}&#8220;]<\/p>\n<h1>Film und Foto<\/h1>\n<p>Das Filmen und Fotografieren f\u00fcr gewerbliche Zwecke bedarf grunds\u00e4tzlich der Genehmigung von PRIME AVIATOR. F\u00fcr die private Nutzung ist das Filmen und Fotografieren gestattet. Jedoch d\u00fcrfen keine Bilder der Mitarbeiter ohne deren Zustimmung gemacht werden. Fotoapparate, Handys oder sonstige Ger\u00e4te mit Lithium-Akkus d\u00fcrfen w\u00e4hrend des Fluges nicht mit an Bord genommen werden und m\u00fcssen vor dem Boarding au\u00dferhalb des Luftfahrzeugs abgelegt werden.<\/p>\n<p>[\/et_pb_text][et_pb_divider color=&#8220;#000000&#8243; divider_style=&#8220;inset&#8220; divider_position=&#8220;center&#8220; disabled_on=&#8220;on|on|off&#8220; admin_label=&#8220;Teiler&#8220; _builder_version=&#8220;4.16&#8243; height=&#8220;15px&#8220; hide_on_mobile=&#8220;on&#8220; global_colors_info=&#8220;{}&#8220;] [\/et_pb_divider][et_pb_text admin_label=&#8220;Text&#8220; _builder_version=&#8220;4.16&#8243; background_size=&#8220;initial&#8220; background_position=&#8220;top_left&#8220; background_repeat=&#8220;repeat&#8220; use_border_color=&#8220;off&#8220; border_color=&#8220;#ffffff&#8220; border_style=&#8220;solid&#8220; global_colors_info=&#8220;{}&#8220;]<\/p>\n<h1>Maximalgewicht und K\u00f6rpergr\u00f6\u00dfe<\/h1>\n<p>Kunden d\u00fcrfen nicht mehr als 100kg wiegen und nicht gr\u00f6\u00dfer als 200cm sein. Ein Mindestgewicht von 45kg ist erforderlich. (Ab 01.01.2025 max. 195cm und max. 95kg) Kunden, deren k\u00f6rperliche Merkmale aus Platzgr\u00fcnden keinen sicheren Flug zulassen, d\u00fcrfen nicht an Bord. Gerne k\u00f6nnen Sie sich bei Bedenken an uns wenden. Wir finden im Rahmen des M\u00f6glichen L\u00f6sungen. Diskretion ist selbstverst\u00e4ndlich.<\/p>\n<p>[\/et_pb_text][et_pb_divider color=&#8220;#000000&#8243; divider_style=&#8220;inset&#8220; divider_position=&#8220;center&#8220; disabled_on=&#8220;on|on|off&#8220; admin_label=&#8220;Teiler&#8220; _builder_version=&#8220;4.16&#8243; height=&#8220;15px&#8220; hide_on_mobile=&#8220;on&#8220; global_colors_info=&#8220;{}&#8220;] [\/et_pb_divider][et_pb_text admin_label=&#8220;Text&#8220; _builder_version=&#8220;4.16&#8243; background_size=&#8220;initial&#8220; background_position=&#8220;top_left&#8220; background_repeat=&#8220;repeat&#8220; use_border_color=&#8220;off&#8220; border_color=&#8220;#ffffff&#8220; border_style=&#8220;solid&#8220; global_colors_info=&#8220;{}&#8220;]<\/p>\n<h1>Identit\u00e4tsnachweis<\/h1>\n<p>Der Nachweis und die Feststellung der Kundenidentit\u00e4t sind\u00a0in der Luftfahrt \u00fcblich. PRIME AVIATOR bildet da keine Ausnahme. Wir orientieren uns an geltenden Sicherheitsbestimmungen. Auch f\u00fcr unsere Inlandfl\u00fcge und Rundfl\u00fcge muss uns ein g\u00fcltiger Nachweis \u00fcber die Kundenidentit\u00e4t vorliegen.<\/p>\n<p>Ohne diesen k\u00f6nnen einige unserer Standtorte nicht betreten werden. Kunden, die ohne einen Personalausweis oder Reisepass zu einem gebuchten Termin erscheinen, verlieren den Anspruch auf Leistungserf\u00fcllung. Der gebuchte Gutschein z.B. f\u00fcr \u201eKampfflugzeug selber fliegen\u201c oder \u201eGeschenkideen f\u00fcr M\u00e4nner\u201c verliert seine G\u00fcltigkeit.<\/p>\n<p>Kunden werden in einer gesonderten Mail vor dem geplanten Termin nochmals darauf hingewiesen, dass diese Bestimmungen einzuhalten sind.<\/p>\n<p>Personen die auf einer internationalen oder nationalen Watchlist stehen sind generell vom Mitflug ausgeschlossen.<\/p>\n<p>Als Watchlist gelten unter anderem die Terrorist Screening Database oder eine vorheergehende Secondary Security Screening Selection. Die Listung auf einer nationalen \u201eNo-Fly Liste\u201c von EU Staaten sind ebenfalls Ausschlusskriterien.<\/p>\n<p>Werden nach der Buchung der Identit\u00e4tsnachweis verweigert oder falsche Daten angegeben,\u00a0wird der Mitflug verweigert und der Gutschein verf\u00e4llt ersatzlos.<\/p>\n<p>&nbsp;<\/p>\n<p>Eine Umschreibung des Gutscheins auf eine andere Person ist bis zu 3 Tage vor Flugbeginn kostenlos und per Mail (Nutzung des entsprechenden Formulars) m\u00f6glich.<\/p>\n<p>[\/et_pb_text][et_pb_divider color=&#8220;#000000&#8243; divider_style=&#8220;inset&#8220; divider_position=&#8220;center&#8220; disabled_on=&#8220;on|on|off&#8220; admin_label=&#8220;Teiler&#8220; _builder_version=&#8220;4.16&#8243; height=&#8220;15px&#8220; hide_on_mobile=&#8220;on&#8220; global_colors_info=&#8220;{}&#8220;] [\/et_pb_divider][et_pb_text admin_label=&#8220;Text&#8220; _builder_version=&#8220;4.16&#8243; background_size=&#8220;initial&#8220; background_position=&#8220;top_left&#8220; background_repeat=&#8220;repeat&#8220; use_border_color=&#8220;off&#8220; border_color=&#8220;#ffffff&#8220; border_style=&#8220;solid&#8220; global_colors_info=&#8220;{}&#8220;]<\/p>\n<h1>Sprachkenntnisse<\/h1>\n<h1><span style=\"font-size: 14px; color: #666666;\">F\u00fcr die Teilnahme am Fl\u00fcgen ist es teilnehmerseitig umbedingt erforderlich Englisch oder Deutsch auf muttersprachlichem Niveau sprechen und verstehen zu k\u00f6nnen. Bitte orientieren Sie sich an den internationalen Sprachniveau C2 (C1 nach R\u00fccksprache).<\/span><\/h1>\n<p>Sollte ein Kunde keine ausreichenden Sprachkenntnisse am Flugtag nachweisen bzw. zu Anwendung bringen, verf\u00e4llt der Anspruch auf Leistung ersatzlos.<span style=\"font-size: 14px;\">.<\/span><\/p>\n<p>[\/et_pb_text][\/et_pb_column][\/et_pb_row][\/et_pb_section][et_pb_section fb_built=&#8220;1&#8243; custom_padding_last_edited=&#8220;on|desktop&#8220; admin_label=&#8220;Sektion&#8220; _builder_version=&#8220;4.16&#8243; background_color=&#8220;#000000&#8243; custom_padding_tablet=&#8220;50px|0|50px|0&#8243; custom_padding_phone=&#8220;50px|0|50px|0&#8243; transparent_background=&#8220;off&#8220; padding_mobile=&#8220;off&#8220; make_fullwidth=&#8220;off&#8220; use_custom_width=&#8220;off&#8220; width_unit=&#8220;on&#8220; global_colors_info=&#8220;{}&#8220;][et_pb_row padding_mobile=&#8220;off&#8220; column_padding_mobile=&#8220;on&#8220; admin_label=&#8220;Zeile&#8220; module_class=&#8220; et_pb_row_fullwidth&#8220; _builder_version=&#8220;4.16&#8243; background_size=&#8220;initial&#8220; background_position=&#8220;top_left&#8220; background_repeat=&#8220;repeat&#8220; width=&#8220;89%&#8220; width_tablet=&#8220;80%&#8220; width_phone=&#8220;80%&#8220; width_last_edited=&#8220;on|desktop&#8220; max_width=&#8220;89%&#8220; max_width_tablet=&#8220;80%&#8220; max_width_phone=&#8220;80%&#8220; max_width_last_edited=&#8220;on|desktop&#8220; make_fullwidth=&#8220;on&#8220; use_custom_width=&#8220;off&#8220; width_unit=&#8220;on&#8220; global_colors_info=&#8220;{}&#8220;][et_pb_column type=&#8220;4_4&#8243; _builder_version=&#8220;4.16&#8243; custom_padding=&#8220;|||&#8220; global_colors_info=&#8220;{}&#8220; custom_padding__hover=&#8220;|||&#8220;][et_pb_text admin_label=&#8220;Text&#8220; _builder_version=&#8220;4.16&#8243; text_font_size=&#8220;8&#8243; background_size=&#8220;initial&#8220; background_position=&#8220;top_left&#8220; background_repeat=&#8220;repeat&#8220; background_layout=&#8220;dark&#8220; text_font_size_tablet=&#8220;&#8220; text_font_size_phone=&#8220;&#8220; text_font_size_last_edited=&#8220;on|phone&#8220; use_border_color=&#8220;off&#8220; border_color=&#8220;#ffffff&#8220; border_style=&#8220;solid&#8220; global_colors_info=&#8220;{}&#8220;]Sofern das erworbene Produkt nicht f\u00fcr den K\u00e4ufer sondern f\u00fcr Dritte bestimmt ist, empfehlen wir Ihnen, die\u00a0Benutzungsbedingungen und Mindestvoraussetzungen auszudrucken und vom eigentlichen Endverbraucher\u00a0unterschreiben zu lassen. Wenn Dritte nicht in Kenntnis der\u00a0Benutzungsbedingungen und Mindestvoraussetzungen sind, m\u00fcssen diese die\u00a0Benutzungsbedingungen und Mindestvoraussetzungen vor Beginn des Fluges lesen und unterschreiben. Eventueller Verlust an Flugzeit geht zu Lasten des Kunden oder Endverbrauchers.<br \/>\n[\/et_pb_text][\/et_pb_column][\/et_pb_row][\/et_pb_section]<\/p>\n","protected":false},"excerpt":{"rendered":"<p>Anerkennung Durch den Erwerb\u00a0eines unserer Produkte\u00a0erkennt der Kunde\u00a0die nachfolgenden Benutzungsbedingungen und Mindestvoraussetzungen als verbindlich an. Mindestalter Kunden an Bord unserer Flugger\u00e4te m\u00fcssen mindestens 18 Jahre alt sein. Personen unter 18 Jahren ben\u00f6tigen eine schriftliche Einverst\u00e4ndniserkl\u00e4rung des oder der Erziehungsberechtigten und der Eltern. Kinder und Jugendliche unter 16 Jahren k\u00f6nnen leider nicht teilnehmen. Gesundheitszustand Der Kunde [&hellip;]<\/p>\n","protected":false},"author":1,"featured_media":0,"parent":0,"menu_order":0,"comment_status":"closed","ping_status":"closed","template":"","meta":{"_et_pb_use_builder":"on","_et_pb_old_content":"","_et_gb_content_width":"","jetpack_post_was_ever_published":false,"footnotes":""},"class_list":["post-818","page","type-page","status-publish","hentry"],"jetpack_shortlink":"https:\/\/wp.me\/P9j95s-dc","jetpack_sharing_enabled":true,"_links":{"self":[{"href":"https:\/\/primeaviator.com\/shopping\/wp-json\/wp\/v2\/pages\/818","targetHints":{"allow":["GET"]}}],"collection":[{"href":"https:\/\/primeaviator.com\/shopping\/wp-json\/wp\/v2\/pages"}],"about":[{"href":"https:\/\/primeaviator.com\/shopping\/wp-json\/wp\/v2\/types\/page"}],"author":[{"embeddable":true,"href":"https:\/\/primeaviator.com\/shopping\/wp-json\/wp\/v2\/users\/1"}],"replies":[{"embeddable":true,"href":"https:\/\/primeaviator.com\/shopping\/wp-json\/wp\/v2\/comments?post=818"}],"version-history":[{"count":32,"href":"https:\/\/primeaviator.com\/shopping\/wp-json\/wp\/v2\/pages\/818\/revisions"}],"predecessor-version":[{"id":4650,"href":"https:\/\/primeaviator.com\/shopping\/wp-json\/wp\/v2\/pages\/818\/revisions\/4650"}],"wp:attachment":[{"href":"https:\/\/primeaviator.com\/shopping\/wp-json\/wp\/v2\/media?parent=818"}],"curies":[{"name":"wp","href":"https:\/\/api.w.org\/{rel}","templated":true}]}}