{"id":242,"date":"2016-09-13T06:58:31","date_gmt":"2016-09-13T06:58:31","guid":{"rendered":"http:\/\/primeaviator.com\/?page_id=242"},"modified":"2017-02-17T15:11:20","modified_gmt":"2017-02-17T15:11:20","slug":"privatkunden","status":"publish","type":"page","link":"https:\/\/primeaviator.com\/shopping\/privatkunden\/","title":{"rendered":"PRIVATKUNDEN"},"content":{"rendered":"<p>[et_pb_section admin_label=&#8220;Sektion&#8220; fullwidth=&#8220;on&#8220; specialty=&#8220;off&#8220; background_image=&#8220;http:\/\/primeaviator.com\/wp-content\/uploads\/2016\/09\/IMG_2939.jpg&#8220; transparent_background=&#8220;on&#8220; allow_player_pause=&#8220;off&#8220; inner_shadow=&#8220;off&#8220; parallax=&#8220;off&#8220; parallax_method=&#8220;off&#8220; padding_mobile=&#8220;off&#8220; make_fullwidth=&#8220;off&#8220; use_custom_width=&#8220;off&#8220; width_unit=&#8220;on&#8220; make_equal=&#8220;off&#8220; use_custom_gutter=&#8220;off&#8220;][et_pb_fullwidth_slider admin_label=&#8220;Vollbreiter Slider&#8220; show_arrows=&#8220;on&#8220; show_pagination=&#8220;on&#8220; auto=&#8220;off&#8220; auto_ignore_hover=&#8220;off&#8220; parallax=&#8220;off&#8220; parallax_method=&#8220;off&#8220; remove_inner_shadow=&#8220;off&#8220; background_position=&#8220;default&#8220; background_size=&#8220;default&#8220; hide_content_on_mobile=&#8220;off&#8220; hide_cta_on_mobile=&#8220;off&#8220; show_image_video_mobile=&#8220;off&#8220; custom_button=&#8220;off&#8220; button_letter_spacing=&#8220;0&#8243; button_use_icon=&#8220;default&#8220; button_icon_placement=&#8220;right&#8220; button_on_hover=&#8220;on&#8220; button_letter_spacing_hover=&#8220;0&#8243;] [et_pb_slide background_position=&#8220;default&#8220; background_size=&#8220;default&#8220; use_bg_overlay=&#8220;on&#8220; use_text_overlay=&#8220;off&#8220; alignment=&#8220;center&#8220; background_layout=&#8220;dark&#8220; allow_player_pause=&#8220;off&#8220; text_border_radius=&#8220;3&#8243; header_font_select=&#8220;default&#8220; header_font=&#8220;||||&#8220; body_font_select=&#8220;default&#8220; body_font=&#8220;||||&#8220; custom_button=&#8220;off&#8220; button_font_select=&#8220;default&#8220; button_font=&#8220;||||&#8220; button_use_icon=&#8220;default&#8220; button_icon_placement=&#8220;right&#8220; button_on_hover=&#8220;on&#8220; bg_overlay_color=&#8220;rgba(0,0,0,0.47)&#8220; button_link=&#8220;http:\/\/primeaviator.com\/kampfflugzeug-fliegen\/&#8220; header_font_size=&#8220;58&#8243; header_font_size_tablet=&#8220;58&#8243; header_font_size_phone=&#8220;58&#8243; background_image=&#8220;https:\/\/primeaviator.com\/wp-content\/uploads\/2016\/10\/keith3.jpg&#8220; background_color=&#8220;#ffffff&#8220; heading=&#8220;Professionelle Leistungen f\u00fcr den privaten Einsatz&#8220;]<\/p>\n<p>&nbsp;<\/p>\n<p>&nbsp;<\/p>\n<p>&nbsp;<\/p>\n<p>&nbsp;<\/p>\n<p>[\/et_pb_slide] [\/et_pb_fullwidth_slider][\/et_pb_section][et_pb_section admin_label=&#8220;section&#8220; fullwidth=&#8220;off&#8220; specialty=&#8220;off&#8220;][et_pb_row admin_label=&#8220;row&#8220;][et_pb_column type=&#8220;1_3&#8243;][et_pb_blurb admin_label=&#8220;Blurb&#8220; title=&#8220;Selbst einmal Pilot sein&#8220; url_new_window=&#8220;off&#8220; use_icon=&#8220;on&#8220; font_icon=&#8220;%%171%%&#8220; icon_color=&#8220;#2ea3f2&#8243; use_circle=&#8220;off&#8220; circle_color=&#8220;#108bf5&#8243; use_circle_border=&#8220;off&#8220; circle_border_color=&#8220;#108bf5&#8243; icon_placement=&#8220;left&#8220; animation=&#8220;top&#8220; background_layout=&#8220;light&#8220; text_orientation=&#8220;center&#8220; use_icon_font_size=&#8220;off&#8220; use_border_color=&#8220;off&#8220; border_color=&#8220;#ffffff&#8220; border_style=&#8220;solid&#8220; url=&#8220;https:\/\/primeaviator.com\/kampfflugzeug-fliegen\/&#8220;]<\/p>\n<p>Unfassbar einfach ins Cockpit eines leistungsstarken Trainings-Flugzeugs.<\/p>\n<p>[\/et_pb_blurb][\/et_pb_column][et_pb_column type=&#8220;1_3&#8243;][et_pb_blurb admin_label=&#8220;Blurb&#8220; title=&#8220;Tr\u00e4ume erleben und verschenken&#8220; url_new_window=&#8220;off&#8220; use_icon=&#8220;on&#8220; font_icon=&#8220;%%151%%&#8220; icon_color=&#8220;#2ea3f2&#8243; use_circle=&#8220;off&#8220; circle_color=&#8220;#108bf5&#8243; use_circle_border=&#8220;off&#8220; circle_border_color=&#8220;#108bf5&#8243; icon_placement=&#8220;left&#8220; animation=&#8220;top&#8220; background_layout=&#8220;light&#8220; text_orientation=&#8220;center&#8220; use_icon_font_size=&#8220;off&#8220; use_border_color=&#8220;off&#8220; border_color=&#8220;#ffffff&#8220; border_style=&#8220;solid&#8220; url=&#8220;https:\/\/primeaviator.com\/kampfflugzeug-fliegen\/&#8220;]<\/p>\n<p>Einen Traum erleben oder f\u00fcr jemanden wahr werden lassen.<\/p>\n<p>[\/et_pb_blurb][\/et_pb_column][et_pb_column type=&#8220;1_3&#8243;][et_pb_blurb admin_label=&#8220;Blurb&#8220; title=&#8220;Kompromisslos weiterbilden&#8220; url_new_window=&#8220;off&#8220; use_icon=&#8220;on&#8220; font_icon=&#8220;%%158%%&#8220; icon_color=&#8220;#2ea3f2&#8243; use_circle=&#8220;off&#8220; circle_color=&#8220;#108bf5&#8243; use_circle_border=&#8220;off&#8220; circle_border_color=&#8220;#108bf5&#8243; icon_placement=&#8220;left&#8220; animation=&#8220;top&#8220; background_layout=&#8220;light&#8220; text_orientation=&#8220;center&#8220; use_icon_font_size=&#8220;off&#8220; use_border_color=&#8220;off&#8220; border_color=&#8220;#ffffff&#8220; border_style=&#8220;solid&#8220; url=&#8220;https:\/\/primeaviator.com\/kampfflugzeug-fliegen\/&#8220;]<\/p>\n<p>Mehr Leistung erwarten um noch viel mehr zu leisten.<\/p>\n<p>[\/et_pb_blurb][\/et_pb_column][\/et_pb_row][\/et_pb_section][et_pb_section admin_label=&#8220;Sektion&#8220; fullwidth=&#8220;on&#8220; specialty=&#8220;off&#8220; transparent_background=&#8220;off&#8220; allow_player_pause=&#8220;off&#8220; inner_shadow=&#8220;off&#8220; parallax=&#8220;off&#8220; parallax_method=&#8220;off&#8220; padding_mobile=&#8220;off&#8220; make_fullwidth=&#8220;off&#8220; use_custom_width=&#8220;off&#8220; width_unit=&#8220;on&#8220; make_equal=&#8220;off&#8220; use_custom_gutter=&#8220;off&#8220;][et_pb_fullwidth_header admin_label=&#8220;Vollbreite Kopfzeile&#8220; title=&#8220;Erlebnispakete f\u00fcr h\u00f6chste Anspr\u00fcche&#8220; background_layout=&#8220;dark&#8220; text_orientation=&#8220;center&#8220; header_fullscreen=&#8220;off&#8220; header_scroll_down=&#8220;off&#8220; background_color=&#8220;#0e335f&#8220; parallax=&#8220;off&#8220; parallax_method=&#8220;off&#8220; content_orientation=&#8220;center&#8220; image_orientation=&#8220;center&#8220; custom_button_one=&#8220;off&#8220; button_one_letter_spacing=&#8220;0&#8243; button_one_use_icon=&#8220;default&#8220; button_one_icon_placement=&#8220;right&#8220; button_one_on_hover=&#8220;on&#8220; button_one_letter_spacing_hover=&#8220;0&#8243; custom_button_two=&#8220;off&#8220; button_two_letter_spacing=&#8220;0&#8243; button_two_use_icon=&#8220;default&#8220; button_two_icon_placement=&#8220;right&#8220; button_two_on_hover=&#8220;on&#8220; button_two_letter_spacing_hover=&#8220;0&#8243;] [\/et_pb_fullwidth_header][\/et_pb_section][et_pb_section admin_label=&#8220;section&#8220; fullwidth=&#8220;off&#8220; specialty=&#8220;off&#8220; background_color=&#8220;#afafaf&#8220; inner_shadow=&#8220;on&#8220; parallax=&#8220;off&#8220; transparent_background=&#8220;off&#8220; allow_player_pause=&#8220;off&#8220; parallax_method=&#8220;off&#8220; padding_mobile=&#8220;off&#8220; make_fullwidth=&#8220;off&#8220; use_custom_width=&#8220;off&#8220; width_unit=&#8220;on&#8220; make_equal=&#8220;off&#8220; use_custom_gutter=&#8220;off&#8220; background_image=&#8220;http:\/\/primeaviator.com\/wp-content\/uploads\/2016\/09\/IMG_7753_Fotor.jpg&#8220;][et_pb_row admin_label=&#8220;Zeile&#8220;][et_pb_column type=&#8220;1_3&#8243;][et_pb_divider admin_label=&#8220;Teiler&#8220; color=&#8220;#ffffff&#8220; show_divider=&#8220;off&#8220; height=&#8220;7&#8243; divider_style=&#8220;solid&#8220; divider_position=&#8220;top&#8220; hide_on_mobile=&#8220;on&#8220;] [\/et_pb_divider][et_pb_pricing_tables admin_label=&#8220;Pricing Table&#8220; show_bullet=&#8220;on&#8220; center_list_items=&#8220;off&#8220; use_border_color=&#8220;off&#8220; border_color=&#8220;#ffffff&#8220; border_style=&#8220;solid&#8220; custom_button=&#8220;off&#8220; button_letter_spacing=&#8220;0&#8243; button_use_icon=&#8220;default&#8220; button_icon_placement=&#8220;right&#8220; button_on_hover=&#8220;on&#8220; button_letter_spacing_hover=&#8220;0&#8243; remove_featured_drop_shadow=&#8220;off&#8220;] [et_pb_pricing_table featured=&#8220;off&#8220; title=&#8220;Basic&#8220; currency=&#8220;\u20ac&#8220; sum=&#8220;499&#8243; header_font_select=&#8220;default&#8220; header_font=&#8220;||||&#8220; subheader_font_select=&#8220;default&#8220; subheader_font=&#8220;||||&#8220; currency_frequency_font_select=&#8220;default&#8220; currency_frequency_font=&#8220;||||&#8220; price_font_select=&#8220;default&#8220; price_font=&#8220;||||&#8220; body_font_select=&#8220;default&#8220; body_font=&#8220;||||&#8220; custom_button=&#8220;off&#8220; button_font_select=&#8220;default&#8220; button_font=&#8220;||||&#8220; button_use_icon=&#8220;default&#8220; button_icon_placement=&#8220;right&#8220; button_on_hover=&#8220;on&#8220; header_font_size=&#8220;30&#8243; header_font_size_tablet=&#8220;30&#8243; header_font_size_phone=&#8220;30&#8243; price_text_color=&#8220;#1e73be&#8220;]<\/p>\n<p>+One on One Betreuung<br \/>\n+Einweisung<br \/>\n-Fliegen ohne Lizenz<br \/>\n-Fluglehrer Stunden<br \/>\n-360\u00b0 Video Dokumentation<\/p>\n<p>30min Flugzeit<\/p>\n<p>[\/et_pb_pricing_table] [\/et_pb_pricing_tables][\/et_pb_column][et_pb_column type=&#8220;1_3&#8243;][et_pb_pricing_tables admin_label=&#8220;Pricing Table&#8220; show_bullet=&#8220;on&#8220; center_list_items=&#8220;off&#8220; use_border_color=&#8220;off&#8220; border_color=&#8220;#ffffff&#8220; border_style=&#8220;solid&#8220; custom_button=&#8220;off&#8220; button_letter_spacing=&#8220;0&#8243; button_use_icon=&#8220;default&#8220; button_icon_placement=&#8220;right&#8220; button_on_hover=&#8220;on&#8220; button_letter_spacing_hover=&#8220;0&#8243; remove_featured_drop_shadow=&#8220;off&#8220; header_background_color=&#8220;#0c71c3&#8243;] [et_pb_pricing_table featured=&#8220;on&#8220; title=&#8220;Advanced&#8220; currency=&#8220;\u20ac&#8220; sum=&#8220;649&#8243; header_font_select=&#8220;default&#8220; header_font=&#8220;||||&#8220; subheader_font_select=&#8220;default&#8220; subheader_font=&#8220;||||&#8220; currency_frequency_font_select=&#8220;default&#8220; currency_frequency_font=&#8220;||||&#8220; price_font_select=&#8220;default&#8220; price_font=&#8220;||||&#8220; body_font_select=&#8220;default&#8220; body_font=&#8220;||||&#8220; custom_button=&#8220;off&#8220; button_font_select=&#8220;default&#8220; button_font=&#8220;||||&#8220; button_use_icon=&#8220;default&#8220; button_icon_placement=&#8220;right&#8220; button_on_hover=&#8220;on&#8220; header_font_size=&#8220;30&#8243; header_font_size_tablet=&#8220;30&#8243; header_font_size_phone=&#8220;30&#8243; price_text_color=&#8220;#1e73be&#8220; price_line_height=&#8220;90px&#8220; price_line_height_tablet=&#8220;90px&#8220; price_line_height_phone=&#8220;90px&#8220; price_font_size=&#8220;90&#8243; price_font_size_tablet=&#8220;90&#8243; price_font_size_phone=&#8220;90&#8243;]<\/p>\n<p>+One on One Betreuung<br \/>\n+Einweisung<br \/>\n+Fliegen ohne Lizenz<br \/>\n+Fluglehrer Stunden<br \/>\n-360\u00b0 Video Dokumentation<\/p>\n<p>30min Flugzeit<\/p>\n<p>[\/et_pb_pricing_table] [\/et_pb_pricing_tables][\/et_pb_column][et_pb_column type=&#8220;1_3&#8243;][et_pb_divider admin_label=&#8220;Teiler&#8220; color=&#8220;#ffffff&#8220; show_divider=&#8220;off&#8220; height=&#8220;7&#8243; divider_style=&#8220;solid&#8220; divider_position=&#8220;top&#8220; hide_on_mobile=&#8220;on&#8220;] [\/et_pb_divider][et_pb_pricing_tables admin_label=&#8220;Pricing Table&#8220; show_bullet=&#8220;on&#8220; center_list_items=&#8220;off&#8220; use_border_color=&#8220;off&#8220; border_color=&#8220;#ffffff&#8220; border_style=&#8220;solid&#8220; custom_button=&#8220;off&#8220; button_letter_spacing=&#8220;0&#8243; button_use_icon=&#8220;default&#8220; button_icon_placement=&#8220;right&#8220; button_on_hover=&#8220;on&#8220; button_letter_spacing_hover=&#8220;0&#8243; remove_featured_drop_shadow=&#8220;off&#8220;] [et_pb_pricing_table featured=&#8220;off&#8220; title=&#8220;Unlimited&#8220; currency=&#8220;\u20ac&#8220; sum=&#8220;POR&#8220; header_font_select=&#8220;default&#8220; header_font=&#8220;||||&#8220; subheader_font_select=&#8220;default&#8220; subheader_font=&#8220;||||&#8220; currency_frequency_font_select=&#8220;default&#8220; currency_frequency_font=&#8220;||||&#8220; price_font_select=&#8220;default&#8220; price_font=&#8220;||||&#8220; body_font_select=&#8220;default&#8220; body_font=&#8220;||||&#8220; custom_button=&#8220;off&#8220; button_font_select=&#8220;default&#8220; button_font=&#8220;||||&#8220; button_use_icon=&#8220;default&#8220; button_icon_placement=&#8220;right&#8220; button_on_hover=&#8220;on&#8220; header_font_size=&#8220;30&#8243; header_font_size_tablet=&#8220;30&#8243; header_font_size_phone=&#8220;30&#8243; price_text_color=&#8220;#1e73be&#8220;]<\/p>\n<p>+One on One Betreuung<br \/>\n+Einweisung<br \/>\n+Europaweit fliegen<br \/>\n+Mobilit\u00e4tsgarantie<br \/>\n+Unlimited Support<\/p>\n<p>Langzeitcharter<\/p>\n<p>[\/et_pb_pricing_table] [\/et_pb_pricing_tables][\/et_pb_column][\/et_pb_row][\/et_pb_section][et_pb_section admin_label=&#8220;section&#8220; fullwidth=&#8220;off&#8220; specialty=&#8220;off&#8220; background_color=&#8220;#0e335f&#8220; inner_shadow=&#8220;on&#8220; parallax=&#8220;off&#8220; transparent_background=&#8220;off&#8220; allow_player_pause=&#8220;off&#8220; parallax_method=&#8220;off&#8220; padding_mobile=&#8220;off&#8220; make_fullwidth=&#8220;off&#8220; use_custom_width=&#8220;off&#8220; width_unit=&#8220;on&#8220; make_equal=&#8220;off&#8220; use_custom_gutter=&#8220;off&#8220;][et_pb_row admin_label=&#8220;row&#8220; make_fullwidth=&#8220;off&#8220; use_custom_width=&#8220;off&#8220; width_unit=&#8220;on&#8220; use_custom_gutter=&#8220;off&#8220; padding_mobile=&#8220;off&#8220; allow_player_pause=&#8220;off&#8220; parallax=&#8220;off&#8220; parallax_method=&#8220;off&#8220; make_equal=&#8220;off&#8220; parallax_1=&#8220;off&#8220; parallax_method_1=&#8220;off&#8220; parallax_2=&#8220;off&#8220; parallax_method_2=&#8220;off&#8220; parallax_3=&#8220;off&#8220; parallax_method_3=&#8220;off&#8220; parallax_4=&#8220;off&#8220; parallax_method_4=&#8220;off&#8220; column_padding_mobile=&#8220;on&#8220;][et_pb_column type=&#8220;4_4&#8243;][et_pb_text admin_label=&#8220;Text&#8220; background_layout=&#8220;dark&#8220; text_orientation=&#8220;center&#8220; use_border_color=&#8220;off&#8220; border_color=&#8220;#ffffff&#8220; border_style=&#8220;solid&#8220;]<\/p>\n<h1>Kundenmeinungen auf die wir stolz sind<\/h1>\n<p>Wir orientieren uns an Kundenmeinungen und nicht umgekehrt.<\/p>\n<p>[\/et_pb_text][\/et_pb_column][\/et_pb_row][\/et_pb_section][et_pb_section admin_label=&#8220;section&#8220; fullwidth=&#8220;off&#8220; specialty=&#8220;off&#8220;][et_pb_row admin_label=&#8220;row&#8220;][et_pb_column type=&#8220;1_3&#8243;][et_pb_testimonial admin_label=&#8220;Testimonial&#8220; author=&#8220;Jannik S.&#8220; url_new_window=&#8220;off&#8220; portrait_url=&#8220;http:\/\/primeaviator.com\/wp-content\/uploads\/2016\/09\/tobias-sattler-1539081_640.jpg&#8220; quote_icon=&#8220;off&#8220; use_background_color=&#8220;on&#8220; background_color=&#8220;#f5f5f5&#8243; background_layout=&#8220;light&#8220; text_orientation=&#8220;left&#8220; use_border_color=&#8220;off&#8220; border_color=&#8220;#ffffff&#8220; border_style=&#8220;solid&#8220;]<\/p>\n<p>&#8222;Ich h\u00e4tte nie gedacht, dass ich mal ohne Lizenz so ein besonderes Flugzeug fliegen d\u00fcrfte. Die Fluglehrer sind super freundlich und sehr kompetent. In jedem Moment der Vorbereitung und w\u00e4hrend des Fluges habe ich mich absolut sicher gef\u00fchlt.<\/p>\n<p>&nbsp;<\/p>\n<p>Der Flug in Bonn-Hangelar war das Aufregendste was ich je erlebt habe. Danke f\u00fcr den super Tag. &#8220;<\/p>\n<p>[\/et_pb_testimonial][\/et_pb_column][et_pb_column type=&#8220;1_3&#8243;][et_pb_testimonial admin_label=&#8220;Testimonial&#8220; author=&#8220;AGT AVIATION&#8220; url_new_window=&#8220;off&#8220; portrait_url=&#8220;http:\/\/primeaviator.com\/wp-content\/uploads\/2016\/09\/1252994.jpg&#8220; quote_icon=&#8220;off&#8220; use_background_color=&#8220;on&#8220; background_color=&#8220;#f5f5f5&#8243; background_layout=&#8220;light&#8220; text_orientation=&#8220;left&#8220; use_border_color=&#8220;off&#8220; border_color=&#8220;#ffffff&#8220; border_style=&#8220;solid&#8220;]<\/p>\n<p>&#8222;Wir haben lange nach einem Partner gesucht, der \u00fcber eine solche Maschine wie die BS100 verf\u00fcgt. PRIME AVIATOR hat uns mit ma\u00dfgeschneiderten Angeboten \u00fcberzeugt und ist grunds\u00e4tzlich f\u00fcr alle neuen Ideen offen. Die Umsetzungen der bisherigen Projekte in Deutschland und Frankreich zeigten uns, dass wir ein Unternehmen gefunden haben, dass eine langfristige Zusammenarbeit auf Augenh\u00f6he wert ist<\/p>\n<p>&nbsp;<\/p>\n<p>PRIME AVIATOR ist f\u00fcr uns die optimale L\u00f6sung unserer Projekte in der zivilen Luftfahrt. &#8220;<\/p>\n<p>[\/et_pb_testimonial][\/et_pb_column][et_pb_column type=&#8220;1_3&#8243;][et_pb_testimonial admin_label=&#8220;Testimonial&#8220; author=&#8220;MES Elektronik&#8220; url_new_window=&#8220;off&#8220; portrait_url=&#8220;http:\/\/primeaviator.com\/wp-content\/uploads\/2016\/09\/agnar-hoeskuldsson-872408_640.jpg&#8220; quote_icon=&#8220;off&#8220; use_background_color=&#8220;on&#8220; background_color=&#8220;#f5f5f5&#8243; background_layout=&#8220;light&#8220; text_orientation=&#8220;left&#8220; use_border_color=&#8220;off&#8220; border_color=&#8220;#ffffff&#8220; border_style=&#8220;solid&#8220;]<\/p>\n<p>&#8222;Zusammen mit PRIME AVIATOR haben wir diverse Testfl\u00fcge durchf\u00fchren k\u00f6nnen um neue innovative Module zu testen. Uns wurde viel B\u00fcroarbeit im Vorfeld abgenommen und die Flugtage wurden kosteng\u00fcnstig und professionell organisiert.<\/p>\n<p>&nbsp;<\/p>\n<p>Als Technologietr\u00e4ger ist das Flugger\u00e4t bestens geeignet und das Team hilft wo es kann. &#8220;<\/p>\n<p>[\/et_pb_testimonial][\/et_pb_column][\/et_pb_row][\/et_pb_section][et_pb_section admin_label=&#8220;section&#8220; fullwidth=&#8220;off&#8220; specialty=&#8220;off&#8220; background_color=&#8220;#0e335f&#8220; inner_shadow=&#8220;on&#8220; parallax=&#8220;off&#8220; transparent_background=&#8220;off&#8220; allow_player_pause=&#8220;off&#8220; parallax_method=&#8220;off&#8220; padding_mobile=&#8220;off&#8220; make_fullwidth=&#8220;off&#8220; use_custom_width=&#8220;off&#8220; width_unit=&#8220;on&#8220; make_equal=&#8220;off&#8220; use_custom_gutter=&#8220;off&#8220;][et_pb_row admin_label=&#8220;row&#8220; make_fullwidth=&#8220;off&#8220; use_custom_width=&#8220;off&#8220; width_unit=&#8220;on&#8220; use_custom_gutter=&#8220;off&#8220; padding_mobile=&#8220;off&#8220; allow_player_pause=&#8220;off&#8220; parallax=&#8220;off&#8220; parallax_method=&#8220;off&#8220; make_equal=&#8220;off&#8220; parallax_1=&#8220;off&#8220; parallax_method_1=&#8220;off&#8220; parallax_2=&#8220;off&#8220; parallax_method_2=&#8220;off&#8220; parallax_3=&#8220;off&#8220; parallax_method_3=&#8220;off&#8220; parallax_4=&#8220;off&#8220; parallax_method_4=&#8220;off&#8220; column_padding_mobile=&#8220;on&#8220;][et_pb_column type=&#8220;4_4&#8243;][et_pb_text admin_label=&#8220;Text&#8220; background_layout=&#8220;dark&#8220; text_orientation=&#8220;center&#8220; use_border_color=&#8220;off&#8220; border_color=&#8220;#ffffff&#8220; border_style=&#8220;solid&#8220;]<\/p>\n<h1>Frequently Asked Questions<\/h1>\n<p>[\/et_pb_text][\/et_pb_column][\/et_pb_row][\/et_pb_section][et_pb_section admin_label=&#8220;section&#8220; fullwidth=&#8220;off&#8220; specialty=&#8220;off&#8220; transparent_background=&#8220;off&#8220; allow_player_pause=&#8220;off&#8220; inner_shadow=&#8220;off&#8220; parallax=&#8220;off&#8220; parallax_method=&#8220;off&#8220; padding_mobile=&#8220;off&#8220; make_fullwidth=&#8220;off&#8220; use_custom_width=&#8220;off&#8220; width_unit=&#8220;on&#8220; make_equal=&#8220;off&#8220; use_custom_gutter=&#8220;off&#8220;][et_pb_row admin_label=&#8220;row&#8220;][et_pb_column type=&#8220;4_4&#8243;][et_pb_toggle admin_label=&#8220;Toggle&#8220; title=&#8220;An wie viel Tagen im Jahr wird geflogen?&#8220; open=&#8220;off&#8220; use_border_color=&#8220;off&#8220; border_color=&#8220;#ffffff&#8220; border_style=&#8220;solid&#8220;]<\/p>\n<p>Das Wetter in Deutschland ist sehr gut planbar. Auch wenn die meisten Fl\u00fcge in Fr\u00fchling und Sommer geflogen werden, so wird auch im Winter dauerhaft Betrieb durchgef\u00fchrt. Es wird an circa 300 Tagen im Jahr geflogen.<\/p>\n<p>[\/et_pb_toggle][et_pb_toggle admin_label=&#8220;Toggle&#8220; title=&#8220;Kann man eine Brille beim Fliegen tragen?&#8220; open=&#8220;on&#8220; use_border_color=&#8220;off&#8220; border_color=&#8220;#ffffff&#8220; border_style=&#8220;solid&#8220;]<\/p>\n<p>Selbstverst\u00e4ndlich kann eine Sehhilfe getragen werden. Ob Kontaktlinsen oder Brille spielt keine Rolle. Brillen sollten gut und bequem sitzen. Beachten Sie, dass polarisierende Brillengl\u00e4ser\u00a0die Lesbarkeit der Instrumente verringern k\u00f6nnen.<\/p>\n<p>[\/et_pb_toggle][et_pb_toggle admin_label=&#8220;Toggle&#8220; title=&#8220;Wie wichtig ist k\u00f6rperliche Fitness?&#8220; open=&#8220;off&#8220; use_border_color=&#8220;off&#8220; border_color=&#8220;#ffffff&#8220; border_style=&#8220;solid&#8220;]<\/p>\n<p>Eine gute k\u00f6rperliche Verfassung ist wichtig f\u00fcr Piloten. Nat\u00fcrlich kann die Belastung im Flug reduziert werden indem man auf bestimmte Man\u00f6ver verzichtet. Dennoch sollte man in einer medizinischen Verfassung sein, die ein Medical Class 2 voraussetzt. Abweichungen bitte vor dem Flug mit dem Piloten oder den Organisatoren besprechen.<\/p>\n<p>[\/et_pb_toggle][et_pb_toggle admin_label=&#8220;Toggle&#8220; title=&#8220;Wie schwer darf man sein?&#8220; open=&#8220;off&#8220; use_border_color=&#8220;off&#8220; border_color=&#8220;#ffffff&#8220; border_style=&#8220;solid&#8220;]<\/p>\n<p>Das Maximalgewicht liegt bei 100kg. Wichtig ist jedoch an dieser Stelle, dass nicht nur die K\u00f6rpermasse, sondern auch das K\u00f6rpervolumen ber\u00fccksichtigt wird. Bei pers\u00f6nlichen Bedenken k\u00f6nnen Sie sich vertrauensvoll an uns wenden.<\/p>\n<p>[\/et_pb_toggle][et_pb_toggle admin_label=&#8220;Toggle&#8220; title=&#8220;Kann ich eine eigene Kamera nutzen?&#8220; open=&#8220;off&#8220; use_border_color=&#8220;off&#8220; border_color=&#8220;#ffffff&#8220; border_style=&#8220;solid&#8220;]<\/p>\n<p>Aus Sicherheitsgr\u00fcnden k\u00f6nnen keine losen Gegenst\u00e4nde mit an Bord gebracht werden. Auch Kameras mit Saugnapf oder Klebebands sind an Bord nicht gestattet. Am Boden k\u00f6nnen G\u00e4ste dennoch gerne Bilder am und im Flugzeug machen.<\/p>\n<p>[\/et_pb_toggle][\/et_pb_column][\/et_pb_row][\/et_pb_section]<\/p>\n","protected":false},"excerpt":{"rendered":"<p>Selber Fliegen : Charter : Gutscheine : Geschenkidee : europaweit : Rundfl\u00fcge  <\/p>\n","protected":false},"author":1,"featured_media":0,"parent":0,"menu_order":0,"comment_status":"closed","ping_status":"closed","template":"","meta":{"_et_pb_use_builder":"on","_et_pb_old_content":"","_et_gb_content_width":"","jetpack_post_was_ever_published":false,"footnotes":""},"class_list":["post-242","page","type-page","status-publish","hentry"],"jetpack_shortlink":"https:\/\/wp.me\/P9j95s-3U","jetpack_sharing_enabled":true,"_links":{"self":[{"href":"https:\/\/primeaviator.com\/shopping\/wp-json\/wp\/v2\/pages\/242","targetHints":{"allow":["GET"]}}],"collection":[{"href":"https:\/\/primeaviator.com\/shopping\/wp-json\/wp\/v2\/pages"}],"about":[{"href":"https:\/\/primeaviator.com\/shopping\/wp-json\/wp\/v2\/types\/page"}],"author":[{"embeddable":true,"href":"https:\/\/primeaviator.com\/shopping\/wp-json\/wp\/v2\/users\/1"}],"replies":[{"embeddable":true,"href":"https:\/\/primeaviator.com\/shopping\/wp-json\/wp\/v2\/comments?post=242"}],"version-history":[{"count":126,"href":"https:\/\/primeaviator.com\/shopping\/wp-json\/wp\/v2\/pages\/242\/revisions"}],"predecessor-version":[{"id":1950,"href":"https:\/\/primeaviator.com\/shopping\/wp-json\/wp\/v2\/pages\/242\/revisions\/1950"}],"wp:attachment":[{"href":"https:\/\/primeaviator.com\/shopping\/wp-json\/wp\/v2\/media?parent=242"}],"curies":[{"name":"wp","href":"https:\/\/api.w.org\/{rel}","templated":true}]}}